4*t - f = 28. Suppose 3*r = 4*p + 25, 3*r + 3*p - 19 = t. What is the remainder when 31 is divided by r?
9
Suppose -2*f = -2*q - 44, 16 = -5*q + 6. What is the remainder when f is divided by 11?
9
Let p be 86 - (-19 + 3)/(-4). Suppose -2*d - 25 = -2*u + 15, 4*u - 5*d - p = 0. Calculate the remainder when 270/4 + (-3)/(-6) is divided by u.
14
Let s be -28 - (-3 + 3 + 3). Let j = s - -16. Calculate the remainder when 33 is divided by -1 - -5 - (j + 1).
15
Calculate the remainder when (-4)/(-5) - (10 - (-16330)/(-25)) is divided by 108.
104
Suppose -4*a + 5*n + 78 = 3*n, 3*n = -4*a + 93. Calculate the remainder when 31 is divided by a.
10
Suppose 47*k - 1161 - 2035 = 0. Calculate the remainder when 235 is divided by k.
31
Let k(t) = -11*t**3 + t**2 - 15*t + 27. Let s(v) = -5*v**3 - 7*v + 13. Let w(m) = -6*k(m) + 13*s(m). Calculate the remainder when 1 is divided by w(6).
0
Suppose -4*p + 14 = -3*p. What is the remainder when (4 + -30)*4/(-2) is divided by p?
10
Let f(q) = 3*q**2 - 3*q + 1. Calculate the remainder when f(-3) is divided by (25/3 - (-4)/(-3)) + 3.
7
Suppose -22*v + 11917 = 1049. What is the remainder when v is divided by 25?
19
Suppose 96 = m + 13. Suppose 27 + m = 5*z. What is the remainder when z is divided by ((-18)/(-15))/(-1*(-7)/35)?
4
Suppose -5*c + 5*x + 55 = 0, -32 = -2*x - 26. Calculate the remainder when 935 is divided by c.
11
Suppose 262*b = 257*b + 775. What is the remainder when 610 is divided by b?
145
Suppose 5*d + m - 9871 + 2622 = 0, -5*m = d - 1469. What is the remainder when d is divided by 12?
9
Let d(p) = p**2 + 3*p + 3. Let h = -1 - -5. Suppose 3 = -h*b - 9. What is the remainder when 5 is divided by d(b)?
2
Let h(i) = -2*i + 2. Let y(b) = -1. Let x(q) = -q - 5. Let d(u) = x(u) - 5*y(u). Let m(c) = 3*d(c) + h(c). Calculate the remainder when m(-2) is divided by 7.
5
Suppose -4*y + 3*y = 3*o + 45, 0 = 4*y. Let s = 43 + o. Suppose v - 19 = 2*d + 4, 5*d + 35 = v. What is the remainder when s is divided by v?
13
Suppose -4*i = -12, 0 = -f - i - 0 + 3. Suppose f*q = -5*q + 125. Calculate the remainder when 74 + (-4)/4*4 + 4 is divided by q.
24
Let p = 744 + -734. Calculate the remainder when 213 is divided by p.
3
Suppose 6601 + 591 = 58*x. What is the remainder when x is divided by 43?
38
Let w(d) = d**2 + 4*d - 8. Calculate the remainder when w(-14) is divided by 127.
5
Let h(p) = -15*p**3 - p. Let k be -31 - 5/(-10)*2. Calculate the remainder when -3 - (0 - 4) - k is divided by h(-1).
15
Let h(w) = w**3 - 14*w**2 + 20*w - 465. What is the remainder when 170 is divided by h(15)?
50
Suppose 5*r = -5*v + 45, 45 = 4*r - v - 1. What is the remainder when 259 is divided by r?
6
Suppose -5*b - 2*r + 5 = 3*r, 15 = 3*b - 3*r. Suppose -b*y = y - 44. Calculate the remainder when 43 is divided by y.
10
Suppose 0 = -3*h - 3*x + 9, 3*x - 14 = -h - 3*h. Suppose 73 = h*v - 52. What is the remainder when 46 is divided by v?
21
Let x(i) = -2*i**3 - 4*i**2 - 5*i - 5. Let w be x(-2). Suppose -2*s = w*s - 91. What is the remainder when 24 is divided by s?
11
What is the remainder when (776/(-12) + 2)*3/(-4) is divided by 8?
7
Let k(h) = -5*h - 129. What is the remainder when k(-46) is divided by 15?
11
Let t = 131 - 206. Let z = 98 + t. What is the remainder when z is divided by 12?
11
Suppose 3*u - u - 72 = 0. Let p = -227 + 240. Calculate the remainder when u is divided by p.
10
Let j = 108 - 25. Calculate the remainder when j is divided by 28.
27
What is the remainder when 54 is divided by (35 + -5)*((-14)/(-4))/7?
9
What is the remainder when -2*(-1910)/30 - 1/3 is divided by 28?
15
Let o be (1/(-2))/((-2)/16). Suppose -4*d = 3*k + 527, -5*d - 412 = o*k + 290. Calculate the remainder when 72 is divided by 6/21 - k/7.
22
Let x be (-2 - (-33)/(-3))/1. Suppose -2*v = -119 + 53. Let t = v + x. What is the remainder when 75 is divided by t?
15
Let i = 90 - -44. What is the remainder when i is divided by 15?
14
Suppose -13*j + 157 = -38. What is the remainder when 114 is divided by j?
9
Let t be ((-4)/16*2)/(3/(-228)). Suppose 0*a - 5 = -2*a - 5*b, -4*a - 2*b = -34. Calculate the remainder when a is divided by (t/10 - 2)*(-20)/(-6).
4
Let z = -296 - -354. Calculate the remainder when 462 is divided by z.
56
Let t(g) = g**2 - 2*g + 5. Let j be t(0). Suppose 0 = -5*w - 2*r + 337, 3*r = -j*w + 201 + 132. Calculate the remainder when w is divided by 14.
13
Let t be -5 + (11/1 - 3). Suppose -4*a + 98 = -3*w, 0 = -t*a - 2*a + 2*w + 126. Suppose 5*v - 272 = 108. Calculate the remainder when v is divided by a.
24
Let l(a) = -4*a - 6. Let x be ((-2)/4)/((-2)/148). Let g = -20 + x. What is the remainder when g is divided by l(-4)?
7
Let c = 331 - 238. What is the remainder when 352 is divided by c?
73
Suppose -3*m - 6 = -0*m. Calculate the remainder when m/(-4) - 2/(-4)*183 is divided by 16.
12
Suppose 0 = 19*d + 12*d - 3999. What is the remainder when d is divided by 11?
8
Suppose 5*q - 224 = -g, -5*g + 2*q = q - 1224. What is the remainder when g is divided by 28?
20
Let q(h) = -2*h + 16. Calculate the remainder when q(-26) is divided by -1 + 21 + (-4)/2.
14
Let w = 64 - 64. Let z(f) = f**3 + f**2 + 208. What is the remainder when z(w) is divided by 53?
49
Let u = 53 + -28. Let k(w) = -w**3 - 4*w**2 - 5*w - 3. Suppose -j - 25 = 4*j. What is the remainder when k(j) is divided by u?
22
Let a be 0/(3/(-6 + 3)). Suppose 6*i - 4*c - 34 = i, a = 3*i - 4*c - 14. Let q(h) = h**3 - 4*h**2 + 3*h + 5. What is the remainder when q(4) is divided by i?
7
Let v(g) = g + 3. Let j be v(7). Let y = -87 + 126. Calculate the remainder when ((-12)/j)/(y/(-130)) is divided by 1.
0
Let f = 28 - 26. Suppose -3*d + 2*t + 52 = 0, d = -2*t - 0*t + 28. What is the remainder when d is divided by (3 - f)*15 + -4?
9
Let h(c) = 3 + 1 + 0 + 0 + 2*c**2. Let u be 2*-7*1/2. What is the remainder when h(u) is divided by 26?
24
Suppose -5*b = 2*u - 58 - 3, -4*b + 152 = 4*u. What is the remainder when u is divided by 30?
13
Let v = -5 - -4. Let d = 31 + -28. Calculate the remainder when d is divided by 2/(5 - (v + 4)).
0
Let s(b) = b**3 - 46*b**2 + 56*b - 143. Calculate the remainder when s(45) is divided by 59.
57
Suppose -3*h = 3*k - 69, 71*k = 68*k + 3*h + 69. What is the remainder when k is divided by 4?
3
Let w(n) = -4*n**3 + n**3 + 3 + 3*n - 10*n**2 + 9*n**2. What is the remainder when 1/2 + 285/6 is divided by w(-2)?
14
Let h(u) = 2*u**2 + 71*u - 397. What is the remainder when 647 is divided by h(-41)?
53
Suppose 2*q = 4*a - q - 96, 5*q = 5*a - 125. Let r be 4*4/((-16)/(-45)). What is the remainder when a is divided by (72/r)/((-2)/(-15))?
9
Suppose l - o = -3, 2*l + 1 = -2*o + 7. Suppose -24*d + 23*d + 20 = l. Calculate the remainder when 97 is divided by d.
17
Suppose 0 = 14*x - 160 - 554. Calculate the remainder when x is divided by 14.
9
Let r be 444/(-72) + (-2)/(-12). Let a(h) = -6*h - 1. Calculate the remainder when a(r) is divided by 9.
8
Let k(g) = g**2 - 15*g + 14. Calculate the remainder when k(-7) is divided by 49.
21
Suppose -5*m + 697 = -453. Suppose -f - 45 = -t - 2*f, 5*t + 4*f - m = 0. Calculate the remainder when t is divided by 13.
11
Let q(d) be the third derivative of d**4 - 9*d**3/2 - 16*d**2. Calculate the remainder when q(6) is divided by 30.
27
Suppose 88 = 4*w - 72. Let x(p) = -p**3 + 47*p**2 + 7. What is the remainder when w is divided by x(47)?
5
Let a be (-184)/7 - 16/(-56). Let c = a + 29. What is the remainder when 9 is divided by c?
0
What is the remainder when 45 is divided by 204/30 + (-7)/(-35)?
3
Let s be (0 - (-1 - -2))*-9. Let a = 9 + s. Calculate the remainder when a is divided by (-4 - (4 + -2))/((-72)/120).
8
Let y = -1407 - -1419. Calculate the remainder when 31 is divided by y.
7
Suppose -2*b + 27 = -b. Let m(p) = 8*p + 57. Let r be m(-6). Suppose 2*h - r = b. What is the remainder when 50 is divided by h?
14
Let i = 19 - -71. What is the remainder when 538 is divided by i?
88
Let k(u) = -u**2 - 4*u - 1. Suppose -15 = 5*b - 0*r - r, -r + 5 = 0. Calculate the remainder when 31 is divided by k(b).
1
What is the remainder when 69 is divided by 1 - (12/(-3) - -1) - 0?
1
Suppose 40*u - 21528 = -29*u. Calculate the remainder when u is divided by 62.
2
Let k be 11 - 4/8*6. Let n = -2 + k. Calculate the remainder when n is divided b